8?
False
Is 11 a factor of 56?
False
Does 16 divide 5824?
True
Does 15 divide 628?
False
Is 18 a factor of 2826?
True
Does 82 divide 1850?
False
Does 15 divide 112?
False
Is 2924 a multiple of 17?
True
Does 36 divide 65?
False
Is 720 a multiple of 90?
True
Does 74 divide 3182?
True
Is 5 a factor of 960?
True
Is 1889 even?
False
Does 64 divide 4608?
True
Is 64656 a multiple of 16?
True
Is 90433 a multiple of 209?
False
Does 17 divide 3942?
False
Does 9 divide 1918?
False
Is 2534 a multiple of 181?
True
Does 19 divide 3021?
True
Is 152 even?
True
Does 31 divide 319?
False
Is 5395 a multiple of 143?
False
Is 10 a factor of 1038?
False
Is 4118 a multiple of 84?
False
Is 2280 a multiple of 17?
False
Does 8 divide 1971?
False
Is 1496 a multiple of 34?
True
Is 3 a factor of 873?
True
Does 73 divide 2497?
False
Is 11 a factor of 1111?
True
Is 568 a multiple of 34?
False
Does 3 divide 105?
True
Is 10 a factor of 140?
True
Does 19 divide 18139?
False
Does 19 divide 42218?
True
Is 1144 a multiple of 32?
False
Is 69 a factor of 966?
True
Does 12 divide 2501?
False
Is 28775 a multiple of 5?
True
Does 9 divide 2833?
False
Is 47803 a multiple of 61?
False
Is 5348 a multiple of 34?
False
Is 7 a factor of 2172?
False
Does 187 divide 18797?
False
Is 1218 a multiple of 7?
True
Does 45 divide 19530?
True
Is 209 a factor of 48488?
True
Is 6 a factor of 252?
True
Is 2975 a multiple of 5?
True
Is 26 a factor of 1196?
True
Does 37 divide 35568?
False
Is 33 a factor of 327?
False
Is 2492 a multiple of 14?
True
Does 26 divide 20868?
False
Is 140 a factor of 91756?
False
Does 45 divide 7605?
True
Is 12495 a multiple of 21?
True
Is 3306 a multiple of 87?
True
Is 1166 a multiple of 22?
True
Is 3361 a multiple of 32?
False
Is 1171 a multiple of 24?
False
Is 34 a factor of 2111?
False
Is 456 a multiple of 32?
False
Does 142 divide 2737?
False
Is 1389 a multiple of 22?
False
Is 12 a factor of 78?
False
Does 48 divide 159?
False
Does 333 divide 3330?
True
Does 20 divide 7459?
False
Is 26 a factor of 2366?
True
Is 5874 a multiple of 11?
True
Does 107 divide 2461?
True
Is 234 a multiple of 18?
True
Does 2 divide 1837?
False
Is 69 a factor of 8209?
False
Is 205 a multiple of 6?
False
Does 4 divide 1507?
False
Is 290 a factor of 19456?
False
Is 55 a factor of 2667?
False
Does 35 divide 4305?
True
Is 10 a factor of 230?
True
Is 35 a factor of 27561?
False
Is 10 a factor of 3358?
False
Is 29706 a multiple of 95?
False
Is 17 a factor of 102?
True
Does 35 divide 32678?
False
Does 11 divide 406?
False
Does 7 divide 7721?
True
Is 592 a multiple of 22?
False
Does 17 divide 23875?
False
Is 106 a factor of 2412?
False
Is 25 a factor of 34819?
False
Is 28 a factor of 10052?
True
Is 73 a factor of 20237?
False
Is 379 even?
False
Does 50 divide 4350?
True
Is 29 a factor of 672?
False
Does 12 divide 1848?
True
Is 1444 a multiple of 11?
False
Is 5508 a multiple of 43?
False
Is 17 a factor of 5104?
False
Is 121 a factor of 1804?
False
Is 54 a factor of 1539?
False
Is 55 a factor of 65890?
True
Is 3078 a multiple of 19?
True
Is 10 a factor of 1190?
True
Is 10 a factor of 2331?
False
Is 178 a factor of 7298?
True
Is 7793 a multiple of 72?
False
Does 9 divide 236?
False
Is 61 a factor of 3416?
True
Does 158 divide 1960?
False
Is 78 a factor of 2529?
False
Is 56 a factor of 224?
True
Is 4880 a multiple of 40?
True
Does 9 divide 155?
False
Is 5 a factor of 415?
True
Is 570 even?
True
Is 2 a factor of 10872?
True
Does 4 divide 94?
False
Is 44 a factor of 4075?
False
Does 5 divide 43915?
True
Is 2652 a multiple of 156?
True
Is 74 a factor of 6440?
False
Is 4682 a multiple of 67?
False
Is 4060 a multiple of 10?
True
Is 2 a factor of 453?
False
Does 16 divide 256?
True
Is 42372 a multiple of 11?
True
Is 204 a factor of 14027?
False
Is 805 a multiple of 18?
False
Does 14 divide 549?
False
Is 5504 a multiple of 43?
True
Does 11 divide 31914?
False
Is 18047 a multiple of 7?
False
Does 60 divide 3616?
False
Is 4 a factor of 207?
False
Is 345 a multiple of 15?
True
Is 86 a factor of 6278?
True
Is 1155 a multiple of 15?
True
Is 24 a factor of 33072?
True
Is 9555 a multiple of 91?
True
Is 26 a factor of 267?
False
Is 98 a factor of 3989?
False
Does 79 divide 36953?
False
Does 16 divide 45200?
True
Does 15 divide 1800?
True
Is 4 a factor of 17132?
True
Does 3 divide 4464?
True
Is 15 a factor of 895?
False
Does 25 divide 83202?
False
Is 31 a factor of 775?
True
Does 169 divide 24456?
False
Is 15 a factor of 1135?
False
Is 134 a multiple of 3?
False
Is 2796 a multiple of 55?
False
Is 77 a factor of 548?
False
Is 15362 a multiple of 221?
False
Is 2640 a multiple of 66?
True
Does 6 divide 252?
True
Is 34 a factor of 72881?
False
Is 228 a factor of 44004?
True
Is 9 a factor of 2202?
False
Is 532 a multiple of 40?
False
Is 4 a factor of 509?
False
Is 2790 even?
True
Is 7 a factor of 376?
False
Is 38 a factor of 6042?
True
Is 54 a factor of 8100?
True
Is 27 a factor of 721?
False
Does 84 divide 40528?
False
Is 64512 a multiple of 18?
True
Is 13 a factor of 34425?
False
Is 18 a factor of 35770?
False
Does 22 divide 44902?
True
Does 87 divide 5769?
False
Is 439 a multiple of 19?
False
Is 18800 a multiple of 80?
True
Is 204 a multiple of 12?
True
Does 17 divide 7089?
True
Is 1095 a multiple of 3?
True
Does 6 divide 1446?
True
Is 101 a factor of 8989?
True
Does 9 divide 9045?
True
Is 22 a multiple of 22?
True
Does 10 divide 7213?
False
Does 10 divide 1141?
False
Does 18 divide 9840?
False
Is 3060 a multiple of 102?
True
Does 13 divide 4732?
True
Does 84 divide 5241?
False
Does 24 divide 17328?
True
Is 1250 a multiple of 10?
True
Is 8 a factor of 1867?
False
Is 500 a multiple of 17?
False
Is 14892 a multiple of 17?
True
Is 24219 a multiple of 5?
False
Does 15 divide 828?
False
Does 9 divide 234?
True
Is 86 a factor of 12536?
False
Is 45 a factor of 1080?
True
Does 15 divide 1184?
False
Does 15 divide 805?
False
Is 21 a factor of 568?
False
Is 10 a factor of 1444?
False
Is 1154 a multiple of 9?
False
Does 120 divide 45207?
False
Is 3509 a multiple of 121?
True
Is 13 a factor of 3294?
False
Is 2970 a multiple of 90?
True
Does 18 divide 414?
True
Is 174 a multiple of 3?
True
Is 2449 a multiple of 106?
False
Is 28 a factor of 980?
True
Is 1741 a multiple of 2?
False
Is 16 a factor of 1130?
False
Is 22375 a multiple of 179?
True
Is 346 a factor of 50252?
False
Is 570 a multiple of 45?
False
Is 2519 a multiple of 207?
False
Is 11692 a multiple of 179?
False
Is 3597 a multiple of 33?
True
Is 27 a factor of 1215?
True
Is 38 a factor of 1012?
False
Does 115 divide 30590?
True
Does 8 divide 4067?
False
Is 26 a factor of 650?
True
Does 26 divide 551?
False
Is 9 a factor of 4431?
False
Is 10 a factor of 825?
False
Is 4 a factor of 349?
False
Is 8173 a multiple of 121?
False
Does 93 divide 372?
True
Does 20 divide 5179?
False
Is 2808 a multiple of 26?
True
Is 525 a multiple of 15?
True
Is 11 a factor of 3069?
True
Does 18 divide 15966?
True
Is 57 a factor of 962?
False
Is 2305 a multiple of 177?
False
Is 1388 a multiple of 46?
False
Is 2 a factor of 13?
False
Is 136 even?
True
Is 18 a factor of 49371?
False
Does 9 divide 2206?
False
Does 4 divide 6756?
True
Is 63 a factor of 7749?
True
Is 10 a factor of 8360?
True
Is 2 a factor of 5354?
True
Does 22 divide 6817?
False
Is 69371 a multiple of 11?
False
Is 17 a factor of 3880?
False
Is 18 a factor of 360?
True
Is 68 a factor of 1983?
False
Is 4699 a multiple of 11?
False
Is 4637 a multiple of 78?
False
Is 17 a factor of 722?
False
Is 126 a multiple of 4?
False
Does 15 divide 649?
False
Does 9 divide 36?
True
Does 22 divide 4686?
True
Does 2 divide 4188?
True
Is 9938 a multiple of 53?
False
Does 11 divide 949?
False
Does 17 divide 510?
True
Is 14 a factor of 8317?
False
Does 103 divide 1648?
True
Does 57 divide 2223?
True
Is 2415 a multiple of 40?
False
Does 89 divide 2492?
True
Is 48 a factor of 2395?
False
Does 3 divide 3081?
True
Is 11 a factor of 110?
True
Is 725 a multiple of 66?
False
Does 102 divide 23386?
False
Is 241 a factor of 29884?
True
Is 7 a factor of 1847?
False
Is 184 a multiple of 10?
False
Does 16 divide 25360?
True
Does 23 divide 2284?
False
Does 14 divide 7630?
True
Does 8 divide 608?
True
Is 45 a factor of 4095?
True
Is 16 a factor of 206?
False
Does 6 divide 318